What is the highest common factor of 100 and f?
5
Let u = -10025 + 10510. Calculate the greatest common factor of 5 and u.
5
Let g(h) = 232*h**2 - 60*h + 192. Let b be g(3). Calculate the greatest common factor of b and 2380.
140
Let m be 6/(-10) - (-5 + 119/35). Suppose 4*w + 17 = m. Let y be w/(-14) - 5/(-35)*5. What is the greatest common factor of y and 1?
1
Let r be (-10)/(-4)*21/28*(-64)/(-24). What is the highest common factor of 1715 and r?
5
Let k(c) = 83*c**2 - 1. Let d be k(-2). What is the greatest common factor of 1 and d?
1
Let u(s) = -s**3 - 23*s**2 - 50*s - 159. Let w be u(-21). What is the highest common divisor of 48 and w?
3
Let v = -2744 + 2759. Calculate the greatest common factor of 102 and v.
3
Suppose -381*p + 386*p + 3*i = 92257, 2*p = 4*i + 36856. What is the greatest common factor of 46 and p?
46
Suppose -2*c - 5*z + 39 = 0, -c - 33 = -3*c + z. Suppose 0 = -2*y - i + c, 3*i = 10*y - 8*y + 3. What is the highest common factor of y and 12?
6
Suppose -1569 - 603 = -6*o. Let w = 440 - o. Calculate the greatest common factor of 6 and w.
6
Let m = -3097 - -4163. Calculate the highest common divisor of m and 246.
82
Suppose -44*f + 5455 = 4047. Let b = 47 - -17. What is the highest common divisor of b and f?
32
Let u(x) = 14*x**2 - 12*x - 2. Let o be u(-2). Suppose 0 = -4*s - 3*j + 261, o = -s + 2*s + 5*j. What is the greatest common divisor of 9 and s?
9
Suppose 50 = 2*p + p - 5*a, 2*p = a + 31. Suppose -g - 3*b = -p + 4, g - 15 = b. Let r = -7732 - -7753. What is the highest common factor of g and r?
7
Let j(z) = -z**2 + 14*z + 4. Let g be j(6). Let d be (1/(3 - 2))/(-1). Let b be (-13)/(4/(d + -3)). What is the highest common factor of b and g?
13
Let g be (-3157)/(-123) - 4/6. Let v be (-1 - -2) + 274/1. What is the highest common factor of v and g?
25
Let x(y) = 237*y - 2455. Let q be x(15). What is the greatest common divisor of q and 100?
100
Suppose l - 133 = 4*p, -687*p + 355 = 3*l - 688*p. Let m = -5 + 18. What is the greatest common divisor of l and m?
13
Let j(b) = -b**3 + 11*b**2 - 7*b - 36. Let h be j(8). Let a = 200 - h. Calculate the greatest common divisor of 10 and a.
10
Suppose 6917*z - 6965*z + 7056 = 0. What is the greatest common factor of 24794 and z?
49
Let q = -7 + 139. Suppose 48 = -126*l + q*l. Calculate the greatest common factor of 72 and l.
8
Suppose 5*q + 188 + 12 = 0. Let a = 14 - q. Let c be ((-3)/(-2))/(4/48). Calculate the greatest common divisor of c and a.
18
Let n be ((-2223)/468)/(1/30)*4/(-6). What is the highest common divisor of 30115 and n?
95
Let w = 19 - 12. Let h be (-708)/(-21) + 2/w. Let x(y) = -1167*y**2 + 2362*y - 5. Let m be x(2). Calculate the greatest common factor of m and h.
17
Let c(b) = b**3 - 3*b**2. Let z be c(-3). Let j = z - -84. What is the greatest common factor of j and 45?
15
Let f = 335 - 321. Let z = 252 - f. What is the highest common divisor of z and 136?
34
Let f be (-36 + 1)*(-13320)/2775. Let b be (-14)/4*(0 + -16). Calculate the greatest common divisor of b and f.
56
Let i = -4105 - -4633. What is the highest common factor of 80 and i?
16
Let t(b) = -40*b + 240. Let l be t(-23). Calculate the greatest common divisor of 40 and l.
40
Let t = -38173 - -38629. Calculate the greatest common factor of t and 190.
38
Suppose -3*w + 3*l + 20076 = 0, 5*w + l - 16230 - 17236 = 0. Calculate the highest common factor of 138 and w.
69
Let u = 10955 + -10679. Calculate the highest common divisor of u and 966.
138
Let b be 172 - 186 - (3 - 44). Suppose -4*f + 0*f + 100 = 4*l, -2*f + 62 = -4*l. What is the greatest common divisor of f and b?
27
Suppose 0 = 223*q + 2181 - 32638 - 48039. Calculate the highest common factor of q and 1628.
44
Suppose 0 = -2*s + 2*h - 4, -4*s - 11 = -h - 0*h. Let m be (171/27)/((-1)/s). Calculate the highest common divisor of 171 and m.
19
Suppose -94*z + 55 = -126 - 383. What is the highest common factor of z and 11478?
6
Let l(f) = 7*f**2 - 20*f - 1215. Let o be l(-24). What is the greatest common divisor of 63 and o?
21
Let x be (0 - (-19 - -8 - 142)) + -11. Calculate the highest common divisor of x and 7171.
71
Let w(k) = -192*k + 110. Let p be w(0). Calculate the greatest common divisor of p and 130.
10
Let q = -1976 + 1998. Suppose 0 = -8*c + 4*c - o + 16, -3*c + 12 = -o. Suppose -c*p + 147 = -73. What is the greatest common factor of p and q?
11
Let y be 2913/7 - (-19 + (-2144)/(-112)). What is the greatest common factor of y and 143?
13
Let f = 40 + -13. Let y be 234/(-15)*30/f*-3. Suppose -w - 5*x = -38, -4*w + 52 = -4*x - y. Calculate the greatest common divisor of 4 and w.
4
Let g(c) = -c**2 + 2. Let k be g(0). Suppose 21*a - 2281 = 869. Suppose -k*w - a = -5*w. Calculate the greatest common divisor of w and 10.
10
Let z be 91 + 4*(-1)/(-2). Let p = -70 - -83. Let l(j) = -2*j**3 + 26*j**2 + 2*j + 5. Let w be l(p). Calculate the greatest common factor of z and w.
31
Let i = -195 + 288. What is the highest common factor of i and 248?
31
Let a = -3936 + 3961. What is the greatest common factor of a and 345?
5
Let z be ((-192)/(-864))/(4/34029) + 2/4. What is the greatest common divisor of 248 and z?
31
Let o = -117 - -132. Let i be o*(2/10)/(22/110). Calculate the highest common divisor of 5 and i.
5
Suppose -5*u - 25 = -80. Suppose 36 = 4*z, -3*h + z + 32 + 190 = 0. What is the greatest common factor of u and h?
11
Let x = 12140 - 7096. Calculate the greatest common divisor of x and 52.
52
Suppose 95*t = -4*o + 92*t + 1552, 0 = 4*t + 16. What is the highest common factor of o and 46?
23
Let g be -1 - (10/(-20))/(1/604). Let o = g + -215. Suppose 5*w = -4*u + o, -4*w + 5*u + 7 + 29 = 0. Calculate the greatest common divisor of w and 2.
2
Suppose 4*w - 2140 = -5*l, 0 = -2*l + 2*w + 504 + 370. Calculate the highest common factor of 32 and l.
16
Let c = -9 + -24. Let d be c/1*(-8)/24. Suppose 39*b = 40*b - 44. Calculate the greatest common divisor of d and b.
11
Suppose 24 = 4*w - 4*y, -w + 2*y - 7*y - 24 = 0. Let c(r) = 36*r**2 - 4*r + 6. Let s be c(w). Calculate the highest common divisor of 1102 and s.
38
Let v be (28/10)/(417/(-30) - -8 - -6). What is the greatest common divisor of 6776 and v?
28
Let l be (3*46/9)/((-12)/(-306)). Let d(f) = f + l*f**3 - 319*f**3 - 4*f**2 - 1 + 4*f**2. Let j be d(1). Calculate the highest common divisor of j and 8.
8
Let m = 719 - 466. Suppose 3*h + 3*f - 66 = 0, -21 = -3*h + 2*h - 2*f. Calculate the greatest common divisor of h and m.
23
Let v = 20818 + -20676. What is the highest common factor of v and 25418?
142
Let f(h) = 24*h - 46. Let v be f(2). Suppose -58 = -v*w + 2*b - 0, 3*w - 5*b = 87. Calculate the highest common factor of 725 and w.
29
Suppose 3*z - 27 = -15*f + 12*f, f = -3*z + 17. Let b be 872/56 + 9/105*f. Suppose 132 = 2*w - 60. Calculate the greatest common divisor of b and w.
16
Let b be 10*(-7)/(35/2). Let r be (b/12)/(11/(-198)). Let o = -31 + 46. What is the highest common factor of o and r?
3
Suppose 0 = 3*j - 10*t + 7*t - 2247, 2*j - 1502 = 3*t. Suppose -j = -4*x + 5*m, 0 = -4*x - 5*m + 199 + 536. Calculate the greatest common divisor of 37 and x.
37
Let z(a) = 289*a**2 + 13*a + 90. Let f be z(3). Calculate the highest common factor of f and 735.
105
Let q(c) = c**3 - 10*c**2 + 34*c + 3. Let i be q(5). What is the highest common divisor of 2272 and i?
16
Suppose -k - 36 = -l - 0, -l - 3*k + 28 = 0. Suppose 3*o - l = 11. Suppose o*d + 210 = 18*d. What is the greatest common divisor of d and 20?
10
Let h be (-2)/(-11) - (-6332)/22. Suppose -2*q + 67 - 18 = 5*o, -q - o + 29 = 0. Calculate the greatest common factor of q and h.
32
Suppose -4*n = 5*i + 15, 9 = -6*n + 2*n - 3*i. Suppose 0 = 3*c - n - 12, -4*v + 4*c = -548. Calculate the greatest common divisor of 235 and v.
47
Let l(u) = 519*u + 591. Let n be l(5). Calculate the greatest common divisor of n and 236.
118
Suppose -q + 7 = 3*g, -21 = -5*q - 0*q - g. Suppose -q*s = s + 3*s. Suppose s = -3*v + 101 + 1. Calculate the greatest common factor of v and 119.
17
Suppose 0 = -268*r + 460932 - 104492. Calculate the highest common divisor of 1520 and r.
190
Suppose 5*o = 5*g - 53 + 43, 0 = -4*g + 5*o + 9. What is the greatest common factor of g and 19?
1
Let q = 27037 + -27035. Calculate the highest common factor of q and 73